est common factor of 1 and v.
1
Suppose 4*m + 0 + 8 = 0. Let n be 69/15 - m/5. Suppose -n*x - 2*d + 29 = d, x = -4*d + 16. Calculate the greatest common factor of x and 10.
2
Suppose -3*d = 3*c - 3, 2*d = 4*c - 2*c - 2. Suppose -2*n - 2*b + 22 = d, -b = 7*n - 2*n - 67. Let q = 13 + 1. What is the greatest common factor of q and n?
14
Let d be (-30)/(-195) + (-74)/(-26). Calculate the highest common factor of d and 11.
1
Suppose -t + 20 = t. Calculate the greatest common factor of t and 70.
10
Suppose -8*i + 7*i + 8 = 0. Calculate the highest common divisor of 64 and i.
8
Let s = 42 + -26. Let z(y) = -39*y**3 + y**2 + y + 1. Let l be z(-1). Calculate the highest common factor of s and l.
8
Let r = -11 + 6. Let x = -3 - r. Let l = 26 - x. What is the greatest common divisor of 36 and l?
12
Let l be 3 + 8/((-32)/(-60)). What is the highest common factor of 198 and l?
18
Let b = 35 - 23. Let w = 45 - b. What is the highest common factor of 22 and w?
11
Suppose b + 2*k = -0 - 2, 5*b - 4*k = 18. Let o(r) = r + 2 + r**2 - 1 + 2*r**2 + 7*r**2. Let y be o(-1). What is the highest common divisor of y and b?
2
Let j be ((-2)/(2/(-3)))/1. Let l = 27 - 14. Suppose -2*w + l + j = 0. What is the highest common factor of 32 and w?
8
Let s = 22 + -13. Let o be 3/s - 240/(-9). Calculate the highest common factor of 9 and o.
9
Suppose -z + 35 = -3*n - n, 0 = 2*n + z + 19. Let k be ((-30)/n - 3)*48. What is the greatest common divisor of k and 40?
8
Let w be 20 + 4 + 0/(-3). Calculate the greatest common factor of w and 216.
24
Suppose 0*o = o - 76. Let r be -4*(2 - 98/(-8)). Let i be 1/1*r/(-3). Calculate the highest common divisor of o and i.
19
Let c = 93 + 57. What is the greatest common factor of 25 and c?
25
Let g = 61 - 37. Let c be (2 + -4 + 24)/1. Let a = -14 + c. What is the greatest common factor of g and a?
8
Let a(g) = g**3 - 10*g**2 + 9*g + 17. Let z be a(9). What is the greatest common divisor of 119 and z?
17
Let d be ((-15)/(-4))/(3/32). Suppose 0*h + d = 5*h. Calculate the greatest common divisor of 24 and h.
8
Suppose -20*x + 0*x = -520. What is the highest common divisor of x and 208?
26
Let x(b) = -2*b**3 - 9*b**2 - 11*b - 19. Let g be x(-6). What is the greatest common divisor of g and 62?
31
Suppose 5*i - 24 = 3*i. What is the highest common factor of i and 156?
12
Let t = 72 + -70. What is the highest common factor of t and 2?
2
Let u(d) = -d + 7. Let f(c) = -1. Let m(t) = -f(t) + u(t). Let w be m(-7). Let s = -91 - -256. Calculate the highest common factor of s and w.
15
Suppose -3*h = 4 + 14. Let w be 1/h*4*-15. Let l = 43 - 18. What is the greatest common divisor of l and w?
5
Suppose -24 = -15*j + 13*j. What is the highest common divisor of j and 96?
12
Suppose 2*g - 3*n - 24 = n, -2*n = -10. Calculate the highest common divisor of 11 and g.
11
Let h(x) = x**3 - 7*x**2 + 11*x - 6. Let k be h(9). Suppose -90 + k = 3*c. What is the greatest common factor of c and 5?
5
Suppose -3*k - k + 12 = 0. Suppose 2*r = k*q - 8, 5*r + 0 = 2*q - 9. Suppose -q*f = -f - 44. Calculate the greatest common divisor of 11 and f.
11
Suppose 72 = 3*l - 4*x, -3*l + l - x + 59 = 0. Calculate the highest common factor of 126 and l.
14
Suppose 2*f + 6*x = 2*x + 168, -5*x = 5*f - 410. Calculate the greatest common factor of 32 and f.
16
Let t = 43 - 36. What is the greatest common factor of t and 1?
1
Suppose 2*o = z + 3, 6 = 3*o - 6. Suppose -2*t = -19 - z. Let p = 14 - -118. What is the highest common factor of p and t?
12
Suppose -m = l - 30, -6*m - 12 = -l - m. Let n(p) = -8*p + 2. Suppose 1 - 5 = 2*q. Let r be n(q). Calculate the greatest common factor of l and r.
9
Suppose -16 = -s + a - 1, -5*s - 5*a = -45. Suppose g = 0, h = -h - 3*g + s. Let q be 2*(-2 - (-207)/h). Calculate the greatest common divisor of 13 and q.
13
Let o be 5/(-1)*18/(-5). Let z = 17 + -12. Suppose 4*w = j - 142, -z*j + 0*j + 805 = -w. What is the greatest common factor of j and o?
18
Let t(s) = -s - 5. Let r be t(-10). Suppose 3*n - 1 = r. Calculate the highest common factor of 20 and n.
2
Let o(z) = 20*z + 1. Let k be o(1). Suppose 0 = a - l, 3*a - l + 9 = 5*a. Suppose -a*j + k = -0*j. Calculate the highest common factor of 77 and j.
7
Let u be -1 + 35 + -8*4/(-16). What is the highest common factor of 24 and u?
12
Suppose -2*o + 21 = -1. Calculate the greatest common divisor of 55 and o.
11
Suppose 6*b - 5*b = 5. Suppose -b = -4*g + 59. What is the highest common factor of 32 and g?
16
Let b(c) = c**3 + c**2 - c - 1. Let n be b(2). What is the greatest common divisor of 18 and n?
9
Let a = 86 + 24. Calculate the highest common factor of a and 10.
10
Suppose -4*q = -302 + 14. Calculate the highest common factor of 16 and q.
8
Suppose 14*a - 9*a = 50. Calculate the highest common factor of a and 4.
2
Let l(n) = -n + 17. Let v be l(6). What is the highest common divisor of v and 110?
11
Suppose 2*b + 1 - 7 = 0. Suppose -b*y + 18 = 5*d, 2*d - 5*y = 7*d - 20. What is the greatest common divisor of d and 24?
3
Suppose -442 + 100 = -2*s. Calculate the greatest common factor of s and 19.
19
Suppose 0 = -5*r + 9 + 36. Suppose 2*y - 3 = y. Suppose -y*k + 3 + 24 = h, 2*k = 6. Calculate the highest common divisor of h and r.
9
Suppose 2*y = 4*p - 16, -y = -3*p - p + 18. Suppose -p = -4*q + 23. What is the greatest common divisor of q and 7?
7
Let r(m) = 2*m**2 + 12. Let l be r(-7). Let n(c) = 2*c + 2. Let w be n(4). Calculate the highest common divisor of l and w.
10
Let x be -2 + 1/(-2)*-10. Suppose 2*a = -y + 138, -2*y + 7*y - 760 = 4*a. Suppose 17 = 5*v - y. What is the greatest common divisor of v and x?
3
Let j = -21 - -30. Calculate the highest common factor of j and 18.
9
Let z(i) = -109*i**2 - 14*i - 3. Let f(g) = -36*g**2 - 5*g - 1. Let x(t) = 17*f(t) - 6*z(t). Let n be x(-1). Calculate the highest common divisor of 4 and n.
4
Suppose 3*u + 4 - 16 = 0. Suppose 0 = -u*v - 18 + 82. Suppose -149 - 11 = -4*r. Calculate the highest common divisor of r and v.
8
Suppose 2*d - 3*l = 52, d + 4 - 30 = -2*l. What is the greatest common divisor of 26 and d?
26
Let z be (48/(-28))/((-2)/42). What is the highest common divisor of 12 and z?
12
Let u(k) = k**3 - 7*k**2 + 6*k - 6. Let j be u(4). Let p = -21 - j. Let x = -4 - -22. What is the highest common factor of p and x?
9
Suppose -q + 6 = -6. Calculate the highest common divisor of q and 6.
6
Let v = -21 + -37. Let t be v/(-1) + 8/(-4). Calculate the greatest common factor of t and 8.
8
Let z = -9 - -21. Suppose 2*p = -3*p. Suppose 3*l + p = z. Calculate the greatest common factor of 16 and l.
4
Suppose 6*w - 2845 - 1187 = 0. Let x be w/60*(-10)/(-4). Suppose 4*r = -0*r + 28. Calculate the greatest common divisor of x and r.
7
Suppose 4*c + 2 = 5*q + 4, -5*q = 4*c + 18. Let x be (c/6)/(1/(-21)). Calculate the highest common factor of 7 and x.
7
Suppose -5*q + 0*q + 55 = 0. Let p(r) = 4*r**3 + 5*r - 2. Suppose -5*l + 15 + 0 = 0. Let g be p(l). What is the greatest common factor of q and g?
11
Let l(n) = -n**2 + 14*n + 2. Let i be l(14). Suppose i*f - 11 = f. Calculate the highest common divisor of 99 and f.
11
Let n = 12 + -9. Let r be 0/n + 63 - 3. Calculate the greatest common divisor of r and 40.
20
Let h(c) = -c**3 + 8*c**2 - 8*c + 2. Let y be h(6). Suppose 0 = 4*i - y - 454. Calculate the greatest common divisor of 15 and i.
15
Let j(v) = v**3 - 6*v**2 + 5*v - 2. Let y be j(6). Let g(s) = 38*s - 4. Let d be g(6). What is the highest common divisor of d and y?
28
Let s be 188/(-3) + (-2)/(-3). Let q be 2 - s/2 - 3. Calculate the highest common factor of q and 12.
6
Let n = 9 + -6. Suppose 0*r + 2*r = 0. Suppose -9 = -r*m - m. What is the highest common divisor of n and m?
3
Suppose -4*j + 93 = -139. Let b = j + -16. Calculate the greatest common factor of 105 and b.
21
Suppose -3*a + 80 = a. What is the highest common factor of 20 and a?
20
Suppose 0 = -0*v + 2*v. Suppose t - 8 = -v*t. Let a be 5/3 + 2/(-3). Calculate the greatest common divisor of a and t.
1
Suppose -32 = -6*u + 2*u. Let s = 12 - u. Let a be (-170)/(-8) - s/16. What is the highest common factor of a and 147?
21
Let h = 22 - 10. Suppose 69 = a - 39. Calculate the highest common divisor of h and a.
12
Suppose 0 = -3*p - 3*v + 9, -3*v = 3*p - 2*p + 5. What is the highest com